{"id":23,"date":"2016-05-07T10:24:14","date_gmt":"2016-05-07T08:24:14","guid":{"rendered":"http:\/\/ajc-info.com\/?page_id=23"},"modified":"2025-09-19T10:03:54","modified_gmt":"2025-09-19T08:03:54","slug":"ajc-info-a-bourg-les-valence","status":"publish","type":"page","link":"https:\/\/ajc-info.com\/index.php\/ajc-info-a-bourg-les-valence\/","title":{"rendered":"AJC Info \u00e0 Bourg-l\u00e8s-Valence"},"content":{"rendered":"<p><img loading=\"lazy\" decoding=\"async\" class=\"alignnone size-full wp-image-9\" src=\"http:\/\/ajc-info.com\/wp-content\/uploads\/bourgLesValence_informatique.jpg\" alt=\"bourgLesValence_informatique\" width=\"1280\" height=\"480\" srcset=\"https:\/\/ajc-info.com\/wp-content\/uploads\/bourgLesValence_informatique.jpg 1280w, https:\/\/ajc-info.com\/wp-content\/uploads\/bourgLesValence_informatique-300x113.jpg 300w, https:\/\/ajc-info.com\/wp-content\/uploads\/bourgLesValence_informatique-768x288.jpg 768w, https:\/\/ajc-info.com\/wp-content\/uploads\/bourgLesValence_informatique-1024x384.jpg 1024w\" sizes=\"auto, (max-width: 1280px) 100vw, 1280px\" \/><\/p>\n<p>Depuis 2006, AJC info propose \u00e0 Bourg-l\u00e8s-Valence, une s\u00e9lection de mat\u00e9riel informatique et en assure le maintenance.<\/p>\n<p style=\"text-align: left;\"><img loading=\"lazy\" decoding=\"async\" class=\"size-medium wp-image-14 alignright\" src=\"http:\/\/ajc-info.com\/wp-content\/uploads\/vitrineAjc_informatique-300x200.jpg\" alt=\"vitrineAjc_informatique\" width=\"300\" height=\"200\" srcset=\"https:\/\/ajc-info.com\/wp-content\/uploads\/vitrineAjc_informatique-300x200.jpg 300w, https:\/\/ajc-info.com\/wp-content\/uploads\/vitrineAjc_informatique-768x512.jpg 768w, https:\/\/ajc-info.com\/wp-content\/uploads\/vitrineAjc_informatique-1024x682.jpg 1024w, https:\/\/ajc-info.com\/wp-content\/uploads\/vitrineAjc_informatique-600x400.jpg 600w, https:\/\/ajc-info.com\/wp-content\/uploads\/vitrineAjc_informatique.jpg 1280w\" sizes=\"auto, (max-width: 300px) 100vw, 300px\" \/><div class=\"ctsc-list ctsc-list-normal \"><span class=\"ctsc-list-icon icon-check\" style=\" background:#FFFFFF;\n\t\t\t\tbackground:-moz-linear-gradient(top, #FFFFFF 0%, #FFFFFF 100%);\n\t\t\t\tbackground:-webkit-linear-gradient(top, #FFFFFF 0%, #FFFFFF 100%); \n\t\t\t\tbackground:linear-gradient(to bottom, #FFFFFF 0%, #FFFFFF 100%);\n\t\t\t\tfilter:progid:DXImageTransform.Microsoft.gradient(startColorstr='#FFFFFF', endColorstr='#FFFFFF',GradientType=0); color:#FF0000;\"><\/span>Nous commercialisons des pc fixe, portable, serveur, tablettes ainsi que leurs p\u00e9riph\u00e9riques: imprimante, mat\u00e9riel r\u00e9seau (NAS, switch,<br \/>\npoint d&rsquo;acc\u00e8s,&#8230;), disque dur externe, onduleur&#8230;<\/div><div class=\"ctsc-list ctsc-list-normal \"><span class=\"ctsc-list-icon icon-check\" style=\" background:#FFFFFF;\n\t\t\t\tbackground:-moz-linear-gradient(top, #FFFFFF 0%, #FFFFFF 100%);\n\t\t\t\tbackground:-webkit-linear-gradient(top, #FFFFFF 0%, #FFFFFF 100%); \n\t\t\t\tbackground:linear-gradient(to bottom, #FFFFFF 0%, #FFFFFF 100%);\n\t\t\t\tfilter:progid:DXImageTransform.Microsoft.gradient(startColorstr='#FFFFFF', endColorstr='#FFFFFF',GradientType=0); color:#FF0000;\"><\/span>Nous assurons la maintenance des ordinateurs et des imprimantes quelque soit la marque, en boutique ou a domicile.<br \/>\n-&gt; <a href=\"http:\/\/ajc-info.com\/index.php\/2016\/05\/07\/service-et-reparation-informatique-a-bourg-les-valence\/\">en savoir plus<\/a><\/div><div class=\"ctsc-list ctsc-list-normal \"><span class=\"ctsc-list-icon icon-check\" style=\" background:#FFFFFF;\n\t\t\t\tbackground:-moz-linear-gradient(top, #FFFFFF 0%, #FFFFFF 100%);\n\t\t\t\tbackground:-webkit-linear-gradient(top, #FFFFFF 0%, #FFFFFF 100%); \n\t\t\t\tbackground:linear-gradient(to bottom, #FFFFFF 0%, #FFFFFF 100%);\n\t\t\t\tfilter:progid:DXImageTransform.Microsoft.gradient(startColorstr='#FFFFFF', endColorstr='#FFFFFF',GradientType=0); color:#FF0000;\"><\/span>Nous sommes distributeur de pi\u00e8ces d\u00e9tach\u00e9es: alimentation, carte m\u00e8re, processeur, m\u00e9moire disque dur, graveur, lecteur multicarte.<\/div><div class=\"ctsc-list ctsc-list-normal \"><span class=\"ctsc-list-icon icon-check\" style=\" background:#FFFFFF;\n\t\t\t\tbackground:-moz-linear-gradient(top, #FFFFFF 0%, #FFFFFF 100%);\n\t\t\t\tbackground:-webkit-linear-gradient(top, #FFFFFF 0%, #FFFFFF 100%); \n\t\t\t\tbackground:linear-gradient(to bottom, #FFFFFF 0%, #FFFFFF 100%);\n\t\t\t\tfilter:progid:DXImageTransform.Microsoft.gradient(startColorstr='#FFFFFF', endColorstr='#FFFFFF',GradientType=0); color:#FF0000;\"><\/span>Nous vendons aussi toutes les cartouches jet d&rsquo;encre, toners laser d&rsquo;origine ou remanufactur\u00e9s compatibles avec votre p\u00e9riph\u00e9rique d&rsquo;impression.<\/div><\/p>\n<span class=\"ctsc-message ctsc-message-info\">Les horaires\ndu mardi au vendredi:\n9h30 \u00e0 12h30 et 15h30 \u00e0 18h30\nle samedi:\n10h \u00e0 17h<\/span>\n","protected":false},"excerpt":{"rendered":"<p>Depuis 2006, AJC info propose \u00e0 Bourg-l\u00e8s-Valence, une s\u00e9lection de mat\u00e9riel informatique et en assure le maintenance.<\/p>\n","protected":false},"author":1,"featured_media":0,"parent":0,"menu_order":0,"comment_status":"closed","ping_status":"closed","template":"","meta":{"footnotes":""},"class_list":["post-23","page","type-page","status-publish","hentry"],"_links":{"self":[{"href":"https:\/\/ajc-info.com\/index.php\/wp-json\/wp\/v2\/pages\/23","targetHints":{"allow":["GET"]}}],"collection":[{"href":"https:\/\/ajc-info.com\/index.php\/wp-json\/wp\/v2\/pages"}],"about":[{"href":"https:\/\/ajc-info.com\/index.php\/wp-json\/wp\/v2\/types\/page"}],"author":[{"embeddable":true,"href":"https:\/\/ajc-info.com\/index.php\/wp-json\/wp\/v2\/users\/1"}],"replies":[{"embeddable":true,"href":"https:\/\/ajc-info.com\/index.php\/wp-json\/wp\/v2\/comments?post=23"}],"version-history":[{"count":4,"href":"https:\/\/ajc-info.com\/index.php\/wp-json\/wp\/v2\/pages\/23\/revisions"}],"predecessor-version":[{"id":130,"href":"https:\/\/ajc-info.com\/index.php\/wp-json\/wp\/v2\/pages\/23\/revisions\/130"}],"wp:attachment":[{"href":"https:\/\/ajc-info.com\/index.php\/wp-json\/wp\/v2\/media?parent=23"}],"curies":[{"name":"wp","href":"https:\/\/api.w.org\/{rel}","templated":true}]}}